 Let u(f) = -f - 1. Let y(o) = h*p(o) - 5*u(o). Determine y(4).
4
Let h(x) = x**3 + 5*x**2 - x + 4. Let j(k) = k**3 + 5*k**2 - 2*k + 5. Let m(l) = 6*h(l) - 5*j(l). Give m(-4).
-1
Let o(m) = -5 + 5 + 5*m - m**2. Let i = -3 - -3. Suppose -y + 6 - 1 = i. Give o(y).
0
Suppose 4*s - 2 = 18. Let p be 1*-1*(-1 + -1). Let v(i) = i**2 - s*i + 4*i + p*i + 1. Calculate v(0).
1
Let j(p) = 13*p + 3. Let b(l) = 7*l + 1. Let d(n) = 11*b(n) - 6*j(n). Calculate d(-5).
-2
Let x(v) = v**2 - 4*v - 5. Let c = 1 + 3. Calculate x(c).
-5
Let j(s) = s**3 + 6*s**2 - 17*s - 15. Let n be j(-8). Let i(z) = 2*z + 8. What is i(n)?
-6
Let i(l) be the first derivative of -l**2 - 23. Give i(5).
-10
Suppose 0 = 3*m - 5*m. Suppose 20 = 5*z - m*z. Let l(i) = 3*i**3 + 3 + 4*i - 2*i**3 - 2 - 5*i**2. Calculate l(z).
1
Let b(o) = -o**2 - o - 3. Let a(s) = -3*s + 45. Let k be a(15). Determine b(k).
-3
Let s(r) = 3*r**3 + 6*r**2 - 2*r - 9. Let f(d) = -7*d**3 - 12*d**2 + 5*d + 19. Let q(z) = -4*f(z) - 9*s(z). What is q(6)?
-7
Let y(d) = 7*d**2 - d. Suppose -x = 2*m + 1 - 8, 3*x - 12 = -3*m. Let t be y(x). Let f(h) = h**3 - 5*h**2 - 6*h. What is f(t)?
0
Let s(n) = 4*n**2 - 4*n - 2*n**2 - n**2. Calculate s(3).
-3
Let b(v) = -v - 1. Let c(f) = f**3 + 3*f**2 - 2*f. Let h be c(2). Let p be 17/(-4) + 4/h. Let l(d) = -6*d - 8. Let n(a) = p*b(a) + l(a). Determine n(-5).
6
Suppose -d - 2 + 26 = 2*a, -3*d - 36 = -3*a. Let q(k) = a*k - 10*k + 6 + 1. What is q(-5)?
-3
Let j = 21 + -22. Let m(v) = -9*v**3 + 11*v**2 + 13*v - 13. Let b(t) = -5*t**3 + 5*t**2 + 6*t - 6. Let o(p) = 13*b(p) - 6*m(p). What is o(j)?
10
Let t(i) be the third derivative of i**2 - 1/12*i**4 + i**3 + 0 + 0*i. Let y(o) = 5*o - 17. Let x(k) = 8*t(k) + 3*y(k). Determine x(-3).
0
Let h(o) = o + 8. Let u be 4/22 - 4/22. Let c be h(u). Let d(v) = -v + 11. What is d(c)?
3
Suppose -h - 32 = -5*h. Let u(b) = b**3 - 8*b**2 - b + 5. Let c be u(h). Let q(v) = v - 2. Calculate q(c).
-5
Let z = 12 + -16. Let w(r) = -2*r**2 - 5*r + 3. What is w(z)?
-9
Let b(m) = -m**3 + 2*m**2 - m. Suppose 2*k = -q - 9, q + 2 = 4*k + 23. Calculate b(q).
0
Let r(f) = -4*f + 7. Let y be r(-6). Suppose -1 = 3*g + 4*n, y = 3*g - 3*n - n. Suppose 15 = -2*u + g*u. Let q(j) = -j + 7. Determine q(u).
2
Suppose 16 = 5*a + 36. Let j(t) = t**2 + 6*t + 5. Give j(a).
-3
Suppose 7 + 5 = 3*z. Let k(w) be the third derivative of 0*w**3 + 0*w**z + 0*w + 0 + 3*w**2 - 1/60*w**5 - 1/60*w**6. Determine k(1).
-3
Let s(n) be the second derivative of n**4/4 + n**3 + 4*n**2 + n. Let m(x) = -10*x**2 - 17*x - 24. Let f(q) = 2*m(q) + 7*s(q). Determine f(-6).
-4
Let c(u) be the second derivative of u**4/12 - u**3/6 + u**2/2 - 7*u. What is c(3)?
7
Let t(i) = i**2 + 2. Let j be (-2)/(-14) + 11/(-77). Calculate t(j).
2
Let h(o) = -o**3 - 4*o**2 + 5*o. Suppose 4*l = 2*c + 18, c + 0*c = 3. Let u = -3 + l. Suppose u*a = 2*v - 15, -a - 5*v = -6*a - 25. Determine h(a).
0
Let z(b) = -b + 7. Let c = -3 + 10. Let t be z(c). Let g(o) = -o**3 - o - 11. Determine g(t).
-11
Let t(y) be the third derivative of 1/120*y**6 - 1/10*y**5 + 1/4*y**4 - 7/6*y**3 + 0*y + y**2 + 0. Let q be (2 - (-3)/1)*1. Calculate t(q).
-2
Let k(x) = -5*x**2 - 7*x + 9. Let p(d) = -d**2 - d + 1. Let t(h) = k(h) - 4*p(h). Calculate t(-5).
-5
Let z(n) = 68*n - 68*n - n**2. Give z(2).
-4
Let k(j) = 4*j + 1. Let a = -9 - -3. Let q be a/(-2) + 2/(-1). Determine k(q).
5
Let i(a) be the second derivative of -a**3/6 + 3*a. Give i(-3).
3
Let k(a) = -a**3 - 2*a**2 - a - 2. Let x be k(-2). Let u = 1 + 4. Let q(t) = -3*t + 2*t - u + 4. Calculate q(x).
-1
Suppose -9*c + 18 = -54. Let w(o) = o**2 - 8*o + 1. Determine w(c).
1
Let z(i) be the first derivative of 2*i**3 + 21*i**2/2 - 15*i - 3. Let v(w) = -w**2 - 3*w + 2. Let d(c) = -15*v(c) - 2*z(c). Determine d(-2).
6
Let f(b) = -b**3 + 5*b**2 + 7*b - 9. Let i be (1/3)/((-3)/(-54)). Give f(i).
-3
Let p(v) be the first derivative of v**3/3 + 5*v**2 + 8*v + 12. Give p(-8).
-8
Let l(u) = -4*u**2 - u + 2. Let a be (45/(-18))/(1/(-2)). Suppose 2*g + 19 = -0*g + a*f, 0 = 4*g - f + 11. Calculate l(g).
-12
Suppose -5*q - 3 = -6*q - 3*p, 2*p - 10 = 0. Let i(s) = -s**2 - 13*s - 4. Give i(q).
8
Let w(m) be the third derivative of -m**4/8 + m**3/6 - m**2. Let j be (-1 - 2/(-2))/(-2). Let p be j + 2 + (-2 - 2). What is w(p)?
7
Suppose f = 1 + 2. Suppose 0 = f*t - 14 + 5. Let j(i) = -i**3 + 3*i**2 + 2*i - 3. Determine j(t).
3
Let t(s) = -2*s + 7. Suppose 0 = 4*f - 20 + 4, 2*l + 36 = 3*f. Let b = 18 + l. Calculate t(b).
-5
Let s(j) be the first derivative of -j**3/3 + 4*j**2 - 6*j - 19. Calculate s(7).
1
Let g(t) = -5*t**2 - 13*t + 7. Let x(v) = 2*v**2 + 6*v - 3. Let j(u) = 3*g(u) + 7*x(u). What is j(3)?
0
Suppose 3*z = -5*o - 10, 0 = 3*z + o + 3 - 1. Let x(i) = i + z - 5 - 5*i + i**2 - i. Suppose -5*j + 17 = -8. What is x(j)?
-5
Let g(z) = -3*z + 6. Let j(m) = 5*m**3 - 2*m**2 + 2*m - 1. Let l be j(1). What is g(l)?
-6
Suppose 11 = -4*b - 21. Let q = 12 + b. Let o(l) = -l**2 + 2*l + 3. What is o(q)?
-5
Let a(c) = c**3 - 5*c**2 - 6*c + 3. Let t be a(6). Let j(k) = 2*k - 4 + t + 2*k. Let y = 0 - -1. Give j(y).
3
Let g(l) = 2*l**2. Let u(m) = -m**3 - 5*m**2 - 2. Let x be u(-5). Give g(x).
8
Let j(t) = 2 - 4*t**2 + 5*t**2 - 6*t - 5 - 2*t**2. Determine j(-5).
2
Let j(s) = -s - 1. Let u be j(-3). Suppose -16 = -4*t + 5*g, u*t - 4*g - 8 = -g. Let c(q) = t*q - 4*q - 3*q - 1. Calculate c(-3).
8
Let v(h) = -h**3 - h**2 + 3*h + 3. Suppose -4*w - 5*u + 5 = 38, -2*u = 2*w + 14. What is v(w)?
1
Let c(y) be the first derivative of -y**3/6 + y**2/2 - 2*y - 3. Let r(u) be the first derivative of c(u). Give r(-3).
4
Suppose 3*s + 51 = 18. Let b = 8 + s. Let o(h) = -2*h**2 - 4*h. Determine o(b).
-6
Suppose 0 = -22*b + 23*b - 1. Let l(i) = -b - i**3 - 3*i - 7 + 11. Give l(2).
-11
Let d(y) = 3*y + 8. Let z(i) = 4*i + 9. Let v(b) = -5*d(b) + 4*z(b). Determine v(7).
3
Let h(j) = j - 3. Suppose 15 = 2*s + 3*s. Give h(s).
0
Let s(y) = y. Let j(v) = 2*v + 7. Let b(k) = -j(k) + 4*s(k). Determine b(7).
7
Let y be (-7)/(-5) - 3/(-5). Let v(n) be the first derivative of n**4/2 - n**3/3 - 3*n**2/2 + 2*n + 1. What is v(y)?
8
Let r(q) = 3*q**2 + 1. Let y be r(-1). Suppose -y = -4*c - 8. Let s(v) = -8*v**2 - 1. Calculate s(c).
-9
Let l(w) = w**2 + 3. Let x(c) = 2*c**2 - c + 7. Suppose -3*d + 0 - 9 = 0. Let q(k) = d*x(k) + 7*l(k). Give q(-2).
-2
Let c(a) = -4*a**3 - 5*a**2 - 7*a + 3. Let r(u) = -5*u**3 - 5*u**2 - 7*u + 3. Let t(h) = -6*c(h) + 5*r(h). Suppose 1 = x - 5. Give t(x).
3
Suppose 2*g + 3 - 5 = 0. Suppose -2*m - 14 = -u, u - m = g + 9. Let c(v) = -v**2 + 4*v + 5. Give c(u).
-7
Let t = -91/2 + 48. Let a(z) be the first derivative of -3*z + 1/3*z**3 + 2 + t*z**2. Calculate a(-5).
-3
Let a(z) = -3*z - z**3 + 17*z**2 - 14*z**2 + 4 + 4*z. Give a(4).
-8
Let m be 6*1/4*2. Let o(k) = k**3 - 4*k**2 + 3*k. Let x be o(m). Suppose x*d = -d + 2. Let z(y) = 2*y**2 + y. What is z(d)?
10
Let v(y) = -5*y - 2. Suppose n = -2*n - 15. What is v(n)?
23
Let a(b) be the second derivative of -b**4/6 - 3*b. Suppose -3*u - 6 = 3*f, -8 = 3*u - f - 2. Let s be u/(1*-2 - 0). What is a(s)?
-2
Suppose 5*k = -x + 5*x + 25, -k = -3*x - 5. Let y = k - 3. Let w(o) = -1 + o - y*o + 2*o + o**2. Calculate w(-2).
1
Let h(j) = -2*j**3 + 4*j**3 + 31*j**2 - 3*j**3 + 4*j + 2 - 28*j**2. Calculate h(4).
2
Suppose 4*z + 0*z - 144 = 0. Suppose q - 3*q = -z. Suppose -o - 8 = 2*x - 4, -4*x - q = -3*o. Let t(h) = 4*h - 2. What is t(o)?
6
Suppose 0*m - 4*m - 20 = 0. Let o(i) = 0 + 1 - 5*i + i**2 - 2*i**2 + 0*i**2. What is o(m)?
1
Let b(o) be the first derivative of o**3/3 + 4*o**2 - 11*o + 39. Determine b(-8).
-11
Let i(r) = -10*r + 6. Let l(g) = 11*g - 7. Let h(k) = -6*i(k) - 5*l(k). Determine h(2).
9
Suppose -2*m - 132 = -6*m. Let a(c) = -4 + 32*c**2 - 4 + 7*c - m*c**2. Give a(6).
-2
Let b(h) = -h**2 - h. Let g(z) = z - 7. Let s be g(5). Suppose 0*y - y - 1 = 0. Let u be s*(y + 1 + 1). Give b(u).
-2
Let p(c) be the third derivative of -c**5/60 - c**4/24 - c**3/3 + c**2. Determine p(-2).
-4
Suppose l = -2*l + 9. Suppose 0 = -4*c - 5*f + 4, -4*c + l*f + 36 = -0*f. Suppose 4*g + c = r, -14 = 4*g + 2*r + r. Let t(h) = 6*h + 1. Determine t(g).
-11
Suppose 0 = q + q. Let r(c) = 4*c - 2*c - 3 + q*c. Let w(o) = o**2 + 7*o + 7. Let d be w(-5). Calculate r(d).
-9
Let u(q) = -q + 1. Suppo